rue
Is 20 a factor of 27160?
True
Is 7 a factor of 499?
False
Does 13 divide 32643?
True
Is 63 a factor of 1138?
False
Is 896 a multiple of 8?
True
Is 7 a factor of 6034?
True
Is 2 a factor of 267?
False
Is 9759 a multiple of 8?
False
Does 29 divide 119615?
False
Is 4212 a multiple of 39?
True
Is 1484 a multiple of 14?
True
Is 15385 a multiple of 13?
False
Is 13536 a multiple of 4?
True
Is 5774 a multiple of 122?
False
Does 20 divide 174?
False
Is 39 a multiple of 3?
True
Is 35 a factor of 385?
True
Does 41 divide 1476?
True
Is 2 a factor of 509?
False
Is 8 a factor of 1256?
True
Does 9 divide 344?
False
Is 219 a multiple of 6?
False
Is 9 a factor of 6552?
True
Is 70 a factor of 12106?
False
Does 55 divide 931?
False
Is 9 a factor of 524?
False
Is 9747 a multiple of 56?
False
Does 91 divide 8607?
False
Is 340 a multiple of 10?
True
Is 14 a factor of 6314?
True
Is 1935 a multiple of 81?
False
Is 9 a factor of 747?
True
Does 69 divide 6486?
True
Is 1446 a multiple of 35?
False
Is 38236 a multiple of 316?
True
Is 27 a factor of 22033?
False
Is 7905 a multiple of 155?
True
Is 5 a factor of 14556?
False
Is 2142 a multiple of 34?
True
Is 30 a factor of 17910?
True
Is 245 a multiple of 49?
True
Does 28 divide 1316?
True
Is 3507 a multiple of 13?
False
Is 8150 a multiple of 50?
True
Does 37 divide 2331?
True
Is 3 a factor of 36?
True
Is 31 a factor of 3162?
True
Does 47 divide 250?
False
Does 78 divide 4446?
True
Is 19 a factor of 456?
True
Is 61623 a multiple of 41?
True
Does 70 divide 23201?
False
Is 980 a multiple of 49?
True
Is 23 a multiple of 7?
False
Is 4661 a multiple of 79?
True
Is 22 a factor of 550?
True
Is 6765 a multiple of 15?
True
Is 57 a multiple of 18?
False
Does 12 divide 10790?
False
Does 34 divide 6970?
True
Is 256 a multiple of 65?
False
Is 3136 a multiple of 14?
True
Does 16 divide 400?
True
Is 7 a factor of 39760?
True
Is 197 a multiple of 182?
False
Is 10 a factor of 11550?
True
Does 34 divide 6120?
True
Does 4 divide 237?
False
Is 546 a multiple of 21?
True
Is 18119 a multiple of 22?
False
Is 1144 a multiple of 26?
True
Is 43 a factor of 27405?
False
Is 159 a factor of 31994?
False
Does 31 divide 17391?
True
Does 40 divide 3880?
True
Is 9680 a multiple of 121?
True
Is 39 a factor of 182?
False
Is 2367 a multiple of 18?
False
Is 38 a factor of 148542?
True
Is 15 a factor of 990?
True
Is 36 a factor of 15696?
True
Is 37 a factor of 370?
True
Is 7838 a multiple of 12?
False
Does 105 divide 8964?
False
Is 50 a multiple of 5?
True
Is 19 a factor of 152?
True
Does 29 divide 82273?
True
Is 108 a factor of 3385?
False
Is 6140 a multiple of 13?
False
Is 1665 a multiple of 45?
True
Is 30 a factor of 8423?
False
Does 65 divide 35574?
False
Is 210534 a multiple of 12?
False
Does 13 divide 2700?
False
Is 4675 a multiple of 17?
True
Does 2 divide 427?
False
Is 67 a factor of 17985?
False
Does 111 divide 38517?
True
Does 48 divide 9120?
True
Does 8 divide 6664?
True
Does 29 divide 832?
False
Does 3 divide 33708?
True
Is 145 a multiple of 11?
False
Is 33 a factor of 1218?
False
Does 42 divide 864?
False
Does 13 divide 7076?
False
Does 83 divide 53171?
False
Does 26 divide 137?
False
Does 131 divide 25021?
True
Is 86 a factor of 1462?
True
Does 3 divide 233?
False
Is 5 a factor of 2666?
False
Does 107 divide 12840?
True
Does 12 divide 288?
True
Is 2 a factor of 706?
True
Is 10 a factor of 9672?
False
Is 1111 a multiple of 11?
True
Is 15 a factor of 206?
False
Is 18099 a multiple of 116?
False
Is 104 a multiple of 4?
True
Is 363 a multiple of 93?
False
Is 11 a factor of 9723?
False
Is 6 a factor of 30?
True
Is 946 a multiple of 6?
False
Is 1425 a multiple of 25?
True
Is 5 a factor of 5025?
True
Is 358 a multiple of 9?
False
Is 4488 a multiple of 51?
True
Is 17 a factor of 1384?
False
Does 213 divide 56237?
False
Is 243 a multiple of 41?
False
Is 392 a multiple of 7?
True
Is 2295 a multiple of 9?
True
Is 703 a multiple of 19?
True
Is 45 a factor of 1860?
False
Does 31 divide 4123?
True
Is 2435 a multiple of 55?
False
Does 7 divide 554?
False
Does 17 divide 2329?
True
Does 16 divide 6715?
False
Is 5 a multiple of 5?
True
Is 16 a factor of 3729?
False
Is 3 a factor of 142?
False
Does 6 divide 1458?
True
Is 11 a factor of 754?
False
Is 38 a factor of 13880?
False
Is 756 a multiple of 3?
True
Is 6821 a multiple of 29?
False
Is 15 a factor of 1657?
False
Is 1766 a multiple of 2?
True
Is 88 a factor of 12496?
True
Is 169 a multiple of 20?
False
Is 27 a factor of 8891?
False
Is 4601 a multiple of 127?
False
Is 33664 a multiple of 90?
False
Does 28 divide 3416?
True
Is 235 a factor of 21381?
False
Is 19 a factor of 1878?
False
Is 1173 a multiple of 51?
True
Is 19 a factor of 180?
False
Does 6 divide 1537?
False
Does 73 divide 3396?
False
Is 87 a factor of 1008?
False
Is 78 a factor of 28833?
False
Is 9 a factor of 2407?
False
Does 197 divide 24037?
False
Does 60 divide 660?
True
Is 684 a multiple of 48?
False
Is 8 a factor of 486?
False
Is 17 a factor of 33483?
False
Is 1802 a multiple of 9?
False
Does 32 divide 2208?
True
Is 33 a factor of 6138?
True
Is 2214 a multiple of 18?
True
Is 92 a factor of 90620?
True
Is 51316 a multiple of 36?
False
Is 5 a factor of 3454?
False
Is 9261 a multiple of 48?
False
Does 26 divide 22724?
True
Does 7 divide 12163?
False
Is 2834 a multiple of 52?
False
Does 9 divide 1557?
True
Is 252 a multiple of 59?
False
Is 1035 a multiple of 69?
True
Is 88 a multiple of 2?
True
Is 10 a factor of 3730?
True
Does 2 divide 579?
False
Does 5 divide 3750?
True
Is 63 a factor of 104580?
True
Is 63360 a multiple of 165?
True
Does 37 divide 597?
False
Does 8 divide 6408?
True
Does 27 divide 5202?
False
Is 6 a factor of 498?
True
Is 59 a factor of 3372?
False
Does 8 divide 1609?
False
Is 14 a factor of 9237?
False
Is 19 a factor of 83?
False
Is 1395 a multiple of 15?
True
Is 16 a factor of 9872?
True
Is 689 a multiple of 13?
True
Does 23 divide 45?
False
Is 17 a factor of 7752?
True
Does 52 divide 468?
True
Is 3 a factor of 650?
False
Does 58 divide 1004?
False
Is 60770 a multiple of 118?
True
Does 8 divide 4240?
True
Is 418 a multiple of 46?
False
Is 8110 a multiple of 19?
False
Does 97 divide 11834?
True
Does 10 divide 1730?
True
Is 2712 a multiple of 39?
False
Is 24321 a multiple of 99?
False
Is 42 a factor of 756?
True
Does 27 divide 404?
False
Is 2 a factor of 1318?
True
Is 56 a factor of 11256?
True
Does 47 divide 11562?
True
Is 29 a factor of 7279?
True
Is 11121 a multiple of 2?
False
Does 355 divide 55025?
True
Is 832 a multiple of 26?
True
Is 16 a factor of 227?
False
Is 10 a factor of 110?
True
Is 22507 a multiple of 71?
True
Does 91 divide 10408?
False
Is 12 a factor of 19713?
False
Is 43817 a multiple of 116?
False
Is 5 a factor of 2967?
False
Is 19 a factor of 7011?
True
Is 20 a factor of 520?
True
Is 2079 a multiple of 9?
True
Is 19488 a multiple of 16?
True
Is 2 a factor of 831?
False
Does 5 divide 55?
True
Does 53 divide 7120?
False
Is 30 a factor of 2046?
False
Is 54 a factor of 18792?
True
Is 9 a factor of 29?
False
Does 25 divide 21714?
False
Is 715 a multiple of 55?
True
Is 1954 a multiple of 58?
False
Does 11 divide 820?
False
Is 1548 a multiple of 26?
False
Does 23 divide 22080?
True
Is 161 a multiple of 4?
False
Does 3 divide 221?
False
Does 66 divide 5016?
True
Does 8 divide 16048?
True
Does 21 divide 34713?
True
Does 13 divide 78481?
True
Is 1985 even?
False
Is 46 a factor of 14582?
True
Is 3960 a multiple of 66?
True
Is 302 a multiple of 13?
False
Is 83 a factor of 830?
True
Is 2268 a multiple of 84?
True
Is 6 a factor of 870?
True
Is 4 a factor of 40244?
True
Is 62 a factor of 4960?
True
Does 2 divide 476?
True
Is 322 a multiple of 2?
True
Is 10271 a multiple of 180?
False
Is 29 a factor of 503?
False
Is 15 a factor of 817?
False
Does 29 divide 3016?
True
Does 32 divide 9457?
False
Does 28 divide 6021?
False
Is 69 a factor of 5398?
False
Is 34 a factor of 14262?
False
Does 18 divide 550?
False
Is 1248 a multiple of 32?
True
Does 7 divide 45173?
False
Is 58 even?
True
Is 4 a factor of 89?
False
Is 1041 a multiple of 62?
False
Is 154 a factor of 16478?
True
Is 18100 a multiple of 9?
False
Does 4 divide 10844?
True
Is 231 a multiple of 11?
True
Is 18207 a multiple of 119?
True
Does 17 divide 53?
False
Is 431 a 